2 - 3038*r + 36. What is t(-19)?
-2
Let t(o) = 18*o**3 - 72*o**2 - 7*o - 9. What is t(4)?
-37
Let i(s) = 9259*s + 83289. Calculate i(-9).
-42
Let a(p) = 40*p**2 + 120*p - 12. Give a(-3).
-12
Let n(d) = -d**2 + 63*d - 775. Give n(45).
35
Let i(p) = 14*p**2 - 66*p + 12. Determine i(4).
-28
Let z(u) = 14*u**3 + 29*u**2 - 307*u - 609. Give z(-2).
9
Let j(d) = -1793*d - 104. What is j(0)?
-104
Let b(q) = -q**2 - 21*q - 72. Determine b(-12).
36
Let m(f) = -f**3 + 64*f**2 - 61*f - 120. Determine m(63).
6
Let p(x) = x**3 - 119*x**2 - 1714*x + 17. Determine p(-13).
-9
Let a(m) = -18*m + 475. Calculate a(12).
259
Let a(y) = -21*y**2 + 8*y + 42. Give a(-3).
-171
Let s(k) = 79*k - 51. Give s(1).
28
Let u(s) = 3*s**3 - 68*s**2 - 9*s - 316. Give u(23).
6
Let z(u) = 2*u**2 + 50*u + 39. What is z(-11)?
-269
Let q(w) = 59*w - 1072. Calculate q(22).
226
Let j(c) = 3*c**3 - 20*c**2 + 39*c - 14. What is j(3)?
4
Let w(g) = g**2 + 25*g - 274. What is w(8)?
-10
Let z(q) = -q**3 - 15*q**2 + 34*q + 64. What is z(-17)?
64
Let y(r) = -2*r**3 + 4*r**2 - 31*r + 53. Determine y(2).
-9
Let m(q) = 14*q**2 + 13*q - 8. What is m(1)?
19
Let z(c) = -19*c + 259. Give z(8).
107
Let s(n) = -n**3 - 7*n**2 - 76*n - 326. What is s(-8)?
346
Let f(x) = 2*x**2 + 57*x + 597. Calculate f(-20).
257
Let c(f) = f**2 + 24*f + 65. Give c(-9).
-70
Let g(b) = 349*b - 30019. Determine g(86).
-5
Let u(k) = -74*k + 3264. Give u(44).
8
Let j(p) = -15*p + 373. What is j(24)?
13
Let o(i) = 3*i**3 - 6*i**2 + 3*i - 5. Calculate o(2).
1
Let a(x) = 143*x + 2016. Give a(-14).
14
Let l(s) = 369*s - 1849. Give l(5).
-4
Let r(n) = -2*n**2 - 187*n - 2017. Give r(-81).
8
Let b(u) = 3302*u - 19804. What is b(6)?
8
Let b(n) = -n**2 - 96*n - 2153. Give b(-36).
7
Let n(g) = 234*g - 29. Give n(0).
-29
Let z(h) = -67*h + 884. Determine z(13).
13
Let w(s) = s**2 + 59*s + 183. Calculate w(-56).
15
Let f(k) = -k**3 + 5*k**2 + 78*k + 45. What is f(-6)?
-27
Let n(z) = -53*z + 884. What is n(7)?
513
Let t(q) = -59*q**2 + 170*q + 26. What is t(3)?
5
Let l(t) = -8*t**2 - 71*t - 13. Calculate l(-8).
43
Let g(i) = 436*i + 33987. What is g(-78)?
-21
Let f(c) = -c**3 - 99*c**2 - 43*c + 5361. Determine f(-98).
-29
Let f(m) = m**3 + 21*m**2 - 82*m - 720. What is f(-23)?
108
Let s(y) = -3*y**2 + 277*y + 545. What is s(-2)?
-21
Let o(m) = -2*m**3 - 18*m**2 + 4*m + 20. Calculate o(-1).
0
Let d(v) = -392*v + 1173. Determine d(3).
-3
Let y(h) = 2*h**3 + 2*h**2 - 5*h + 26. Calculate y(-5).
-149
Let z(m) = m**2 + 33*m + 70. Calculate z(-26).
-112
Let t(g) = -5*g**2 + 42*g - 21. Determine t(9).
-48
Let b(r) = -r**3 - 21*r**2 + 75*r + 54. Determine b(-24).
-18
Let z(h) = -2*h**2 + 52*h + 105. Give z(28).
-7
Let f(i) = i**2 - 12*i - 2169. Determine f(53).
4
Let a(w) = 174*w - 887. Give a(5).
-17
Let i(c) = -2*c**3 - 20*c**2 - 191*c - 1921. Calculate i(-10).
-11
Let l(o) = -16*o - 43. Calculate l(-10).
117
Let d(o) = o**2 - 10*o - 20. What is d(0)?
-20
Let q(n) = 38*n - 37. What is q(4)?
115
Let u(t) = -167*t + 1118. What is u(7)?
-51
Let n(w) = -20*w**2 - 15*w + 83. Determine n(4).
-297
Let s(i) = 182*i + 586. Determine s(-1).
404
Let g(q) = -39*q + 1959. Calculate g(50).
9
Let b(r) = 19*r + 273. Calculate b(-17).
-50
Let b(y) = -y**3 - 8*y**2 - 13*y + 16. What is b(-9)?
214
Let t(c) = -c**3 - 7*c**2 - 7*c - 19. What is t(-3)?
-34
Let t(s) = s**3 - 35*s**2 - 24*s + 888. What is t(35)?
48
Let v(r) = -3*r**3 - 11*r**2 + 23*r + 26. Determine v(-5).
11
Let m(u) = -42*u**2 - 118*u - 8. Calculate m(-3).
-32
Let j(g) = 21*g - 654. Give j(33).
39
Let r(o) = o**2 - 57*o - 774. Calculate r(61).
-530
Let z(b) = -8*b - 7. Give z(-13).
97
Let j(u) = -2*u**3 - 6*u - 48. Determine j(-3).
24
Let q(r) = r**3 + 14*r**2 + 11*r - 106. Calculate q(-12).
50
Let o(r) = 588*r + 119369. Determine o(-203).
5
Let x(j) = 398*j - 4810. What is x(11)?
-432
Let x(w) = 3*w**3 + 355*w**2 - 242*w - 471. Calculate x(-119).
5
Let v(a) = a**3 + 56*a**2 + 767*a - 30. What is v(-24)?
-6
Let q(i) = -i**3 - 145*i**2 - 4*i + 8. Give q(0).
8
Let l(s) = -s**2 - 66*s - 1095. What is l(-32)?
-7
Let r(c) = -5237*c - 99497. Give r(-19).
6
Let u(i) = -3*i**2 + 190*i - 2915. Calculate u(26).
-3
Let s(v) = -68*v - 72. Determine s(-7).
404
Let p(z) = 34*z + 1182. What is p(-35)?
-8
Let m(q) = q**2 - 321*q - 7552. What is m(-22)?
-6
Let s(y) = 8*y**2 - 14*y - 1. What is s(1)?
-7
Let p(s) = -s**3 - 7*s**2 - 16*s - 18. Determine p(-5).
12
Let q(g) = -3*g**3 - 650*g**2 + 1538*g + 1091. Give q(-219).
-4
Let t(m) = -134*m - 1230. What is t(-8)?
-158
Let a(g) = -g**3 + 13*g**2 + 51*g - 7. Give a(16).
41
Let h(y) = -y**3 - 62*y**2 - 107*y + 786. Determine h(-60).
6
Let g(j) = j**3 - 34*j**2 - 39*j + 127. Calculate g(35).
-13
Let y(g) = -51*g + 315. Calculate y(8).
-93
Let g(c) = -25*c**3 + 2*c**2 - 5*c + 2. Give g(1).
-26
Let q(b) = -4117*b + 28784. Calculate q(7).
-35
Let y(a) = -a**3 - 5*a**2 - 782*a - 3911. Calculate y(-5).
-1
Let g(q) = 37*q + 29. Calculate g(-9).
-304
Let n(o) = -972*o + 5566. Give n(6).
-266
Let t(f) = -36*f + 462. Give t(13).
-6
Let u(d) = d**2 - 17*d - 110. Determine u(23).
28
Let k(i) = -i**2 + 37*i - 303. Give k(12).
-3
Let d(o) = -2*o**3 + 43*o**2 - 12*o - 936. Calculate d(20).
24
Let s(d) = 159*d - 7072. Calculate s(44).
-76
Let v(q) = -q**3 - 21*q**2 - 98*q - 36. Give v(-14).
-36
Let c(b) = 15*b**2 + 9*b. Calculate c(2).
78
Let b(v) = -v**2 + 22. Determine b(-4).
6
Let a(r) = -r**2 - 2721*r - 13596. Determine a(-5).
-16
Let s(d) = -28*d + 110. Calculate s(15).
-310
Let k(y) = -142*y + 1840. Give k(13).
-6
Let c(z) = -2*z**3 - 25*z**2 - 7*z + 53. What is c(-12)?
-7
Let k(f) = -31*f - 117. What is k(-5)?
38
Let w(t) = 16*t**2 - 397*t + 684. Calculate w(23).
17
Let y(j) = 117*j + 2015. What is y(-17)?
26
Let f(s) = 5392*s + 48528. What is f(-9)?
0
Let g(z) = 13*z + 118. What is g(-10)?
-12
Let n(v) = -v**3 - 96*v**2 - 696*v + 75. Determine n(-8).
11
Let g(d) = 9*d**3 + 1199*d**2 + 287*d + 2789. Determine g(-133).
-4
Let f(v) = -1831*v - 10976. Calculate f(-6).
10
Let g(d) = d**3 - 3*d**2 - 11*d + 19. Calculate g(6).
61
Let a(s) = s**2 - s - 33. Calculate a(9).
39
Let k(g) = -37*g**2 + 450*g - 79. Give k(12).
-7
Let x(l) = -48*l - 329. Determine x(-7).
7
Let z(y) = -7*y**2 - 118*y + 34. What is z(-18)?
-110
Let s(c) = -3*c**3 - 24*c**2 + 128*c - 34. What is s(5)?
-369
Let o(h) = h**3 + 90*h**2 - 2610*h - 1244. Calculate o(-113).
-1
Let r(w) = 2*w**3 - 22*w**2 + 15*w + 14. What is r(10)?
-36
Let c(u) = -172*u**2 + 6*u. Determine c(-1).
-178
Let k(t) = -t**3 + 13*t**2 - 21*t - 107. Give k(10).
-17
Let l(v) = -14*v + 725. What is l(52)?
-3
Let b(q) = 2*q**3 + 116*q**2 - 767*q - 3. Calculate b(6).
3
Let x(g) = -g**3 + 16*g**2 - 30*g - 123. Determine x(12).
93
Let g(b) = -b**3 - 19*b**2 + 326*b + 545. Calculate g(12).
-7
Let o(b) = b**3 + 5*b**2 - 55*b - 193. Determine o(-3).
-10
Let c(w) = -168*w + 1168. What is c(7)?
-8
Let f(q) = -76*q + 666. What is f(8)?
58
Let b(o) = -o**3 - 9*o**2 - 13*o - 127. Give b(-9).
-10
Let f(g) = -g**2 - 45*g - 148. What is f(-3)?
-22
Let m(b) = -b**3 + 9*b**2 + 74*b + 53. What is m(14)?
109
Let p(k) = -429*k - 15034. What is p(-35)?
-19
Let f(l) = l**3 - 37*l**2 + 41*l + 3797. What is f(32)?
-11
Let s(t) = 9*t**2 - 4*t + 69. Determine s(0).
69
Let m(r) = r**3 - 50*r**2 + 98*r - 96. Give m(48).
0
Let o(p) = -p**2 - 125*p + 650. Calculate o(5).
0
Let z(k) = 14*k**2 + 293*k - 304. Give z(-22).
26
Let w(m) = -m**3 + 22*m**2 + 15*m + 413. What is w(24)?
-379
Let l(k) = k**3 - 39*k + 64. What is l(-7)?
-6
Let t(y) = -y**3 - 4*y**2 + 18*y + 22. Give t(6).
-230
Let m(s) = 6343*s - 44407. Give m(7).
-6
Let t(p) = -58*p + 34. Give t(-2).
150
Let k(a) = -a**2 - 10*a + 43. Determine k(-14).
-13
Let r(f) = 2*f**3 + 162*f**2 + 157*f - 245. Determine r(-80).
-5
Let u(y) = y**3 - 20*y**2 + 39*y - 65. Determine u(18).
-11
Let i(t) = -2*t**3 + 165*t**2 - 85*t + 267. Give i(82).
21
Let j(r) = -13*r - 595. Calculate j(-47).
16
Let m(d) = -2*d**2 - 194*d - 2838. Give m(-18).
6
Let r(b) = 364*b - 917. Give r(2).
-189
Let b(m) = -m**3 + 27*m**2 - 149*m - 45. Determine b(19).
12
Let x(w) = w**3 + 2*w**2 - 14*w + 96. Determine x(-9).
-345
Let p(z) = -4*z - 6. What is p(0)?
-6
Let m(p) = -19*p**2 - 76*p - 14. Calculate m(-6).
-242
Let y(f) = -65*f**2 - 578*f + 66. Det